) = -4*q**3 - q**2 + 2*q + 2. Let r be y(3). Let v = 193 + r. Suppose 3*u + 0*u = v. What is the remainder when u is divided by 10?
8
Calculate the remainder when 82 is divided by 570/20 - (-1)/(-2).
26
Let z be (9 + -8)/((-1)/(-3)). Suppose z*l - 62 = 16. What is the remainder when l is divided by 9?
8
Suppose -5*y + 56 = -9. Suppose 0 = 5*i + 2*c - 92, -y = -2*i + i + 5*c. What is the remainder when 53 is divided by i?
17
Let v(z) = -z - z - 3*z. Calculate the remainder when v(-4) is divided by (-2)/(-7) - 150/(-14).
9
Let g be -1*7 - (5 - 3). Let b(j) = j**2 - 2. Calculate the remainder when ((-3)/g)/(3/36) is divided by b(2).
0
Let r = 28 - 18. What is the remainder when 28 is divided by r?
8
Let o(a) = 2*a**3 + a - 1. Let h be o(1). Let s = h + -2. What is the remainder when 11 is divided by (s + -2 + 6)/1?
3
Suppose 0 = -2*l - 3*z - 8, -4*z + 9*z = -4*l - 12. What is the remainder when 27 is divided by l?
1
Let i be (-496)/3*(-51)/(-34). What is the remainder when i/(-20) + (-2)/5 is divided by 5?
2
What is the remainder when (9/(-6))/(6/(-20)) is divided by 3?
2
Let z(y) = 3*y**2 + 2*y - 2. Let q(s) = -s + 9. Let n be q(4). Let t = n + -3. Calculate the remainder when z(t) is divided by 8.
6
Calculate the remainder when 9 is divided by 26/(-10)*-2 - 3/15.
4
Let n(c) = 4*c**3 + 3*c - 9. Let k(g) = 3*g**3 + 2*g - 8. Let q(s) = -3*k(s) + 2*n(s). What is the remainder when 11 is divided by q(0)?
5
Let h(o) = o**2 - 8*o + 2. Let f be h(6). Let n = -1 - f. Let j = 17 + n. Calculate the remainder when j is divided by 9.
8
Suppose -5*d - 122 = -397. Calculate the remainder when d is divided by 19.
17
Suppose 0 = -5*x + v + 6 + 4, 5*x - 2*v - 5 = 0. Let y be -26 - (-2 + -2 + x). Let k = y + 40. What is the remainder when 44 is divided by k?
14
What is the remainder when ((-4)/5)/(8/(-180)) is divided by 5?
3
Let z(g) = -3*g + 17. What is the remainder when z(-5) is divided by 17?
15
Let z(a) = -a**3 + 6*a**2 + a. Let r(t) = t**2 - 11*t + 6. Let l be r(11). Calculate the remainder when z(l) is divided by 4.
2
Suppose -41 - 49 = -5*m. Suppose -m = -4*y + 2. Let c(i) = 4*i - 1. Calculate the remainder when c(y) is divided by 7.
5
Let g(f) = f**3 - 18*f**2 - 3*f + 23. Let t be g(18). Let k = t + 49. Calculate the remainder when 35 is divided by k.
17
Suppose -53 = -4*a - 9. Let z(d) = -8*d - 2. Let o be z(-3). Suppose 2*f - 5*g - o = 0, 2*g - 14 = -2*f + 3*g. What is the remainder when a is divided by f?
5
Let q = 105 + -75. Calculate the remainder when q is divided by 16.
14
Let c(i) = 0*i - 3*i + 10 - 4*i + 2*i. Calculate the remainder when c(-8) is divided by 13.
11
Let l(s) = s**3 - 4*s**2 - 4*s + 3. Suppose -2*v - 115 = -7*v. Calculate the remainder when v is divided by l(5).
7
Suppose 24 = -18*f + 21*f. Calculate the remainder when 47 is divided by f.
7
Suppose 3*a - 10 = -2*c, c + c - 24 = 4*a. Suppose -p - y + 38 = p, 2*y = -c. What is the remainder when p is divided by 11?
10
Let s = -371 + 520. Let w = -6 - -44. Calculate the remainder when s is divided by w.
35
Let q be (-56)/3 + (-5)/15. Let x = -8 - q. What is the remainder when x is divided by 6?
5
Let u(v) = 7*v**2 - 7*v - 4. Let q(t) = t**2 - t. Let k(n) = -6*q(n) + u(n). Calculate the remainder when (-2)/3 + 11/3 is divided by k(3).
1
Let a = 8 - -27. Calculate the remainder when 242 is divided by a.
32
Calculate the remainder when 27 is divided by 4/(-3) - (-98)/6.
12
What is the remainder when (-156)/18*(-6)/4 is divided by 8?
5
Suppose -46 - 24 = -5*i. Suppose j = 2*o + 18, -3*o + 20 = 4*j + 2*o. Suppose -j = 5*a, 2*z = 5*z + 3*a - 117. Calculate the remainder when z is divided by i.
13
Suppose -15*v + 47 = -14*v. Calculate the remainder when 187 is divided by v.
46
Suppose 2*i - 3*i = -33. Let w = -3 + 3. Suppose -p + 89 = 3*d + 33, -3*d + 3*p + 36 = w. What is the remainder when i is divided by d?
16
Let u(k) = -k**2 - 2*k - 7. Let i(z) = z**2 + z + 6. Let y(p) = 3*i(p) + 2*u(p). Suppose -9 = 2*d - 33. What is the remainder when y(6) is divided by d?
10
Suppose 58 = 4*y + k, -y + 21 = k - 4*k. Calculate the remainder when 42 is divided by y.
12
Let y(a) = a**3 + 8*a**2 + 6*a - 5. Let m be 12*(3/6 - 1). What is the remainder when y(m) is divided by 1/((2/1)/22)?
9
Let w = 40 - 35. What is the remainder when w is divided by 2?
1
Let x(i) = i**2 + 4*i + 17. Let p(b) = 6*b + 1. Calculate the remainder when x(-7) is divided by p(2).
12
Let f be (-20)/(-5)*2/2. What is the remainder when f/(-6) - (-280)/6 is divided by 16?
14
Let n(m) = 26*m - 267. Let h(v) = -v + 1. Suppose 3 = 2*q + 15. What is the remainder when n(11) is divided by h(q)?
5
Let s(h) be the first derivative of -7*h**4/4 - 2*h**3/3 + h + 1. Let g(b) = -b**2 + 5*b - 2. What is the remainder when s(-1) is divided by g(3)?
2
Let j(x) = -2*x + 8. Let s be j(7). Let v be s/(-4)*(1 + 5). What is the remainder when 3 is divided by (-3)/v - (-14)/6?
1
Calculate the remainder when 14 + -15 - -48*1 is divided by 16.
15
Let u be (-2)/(-12) + 1220/24. Calculate the remainder when (-8)/(-12)*u/2 is divided by 9.
8
Let r = 8 - 19. Let v = -5 - r. What is the remainder when 10 is divided by v?
4
Let m = -25 + 47. What is the remainder when 41 is divided by m?
19
Suppose -4*t + 5*o + 96 = 0, 2*o - 4*o = 2*t - 30. Suppose 5*z - 7 = 4*z. Calculate the remainder when t is divided by z.
5
Let t = 3 - 0. Suppose 0 = t*s + 3*m - 269 + 32, -4*m - 79 = -s. Calculate the remainder when s is divided by 20.
19
Suppose -3*d = -1 - 29. Calculate the remainder when d is divided by 3.
1
Let y(z) = -22*z**3 + 2*z**2 - 1. Let v be y(-1). Suppose 5*s - 2 = v. Calculate the remainder when 18 is divided by s.
3
Let q = -4 + 11. Let l = 13 - q. Let j(h) = h - 2. Calculate the remainder when l is divided by j(6).
2
Suppose -5*v = -v. Suppose -7 = -v*y - y. Suppose -q + 3*q - 6 = 0. What is the remainder when y is divided by q?
1
Let z be 14/21*1*3. Suppose r - z = -0*r. Let p(y) = y + 7. What is the remainder when r is divided by p(-5)?
0
Suppose 5*y + s = -0*s + 47, 5*s - 19 = -y. Calculate the remainder when 34 is divided by y.
7
Suppose 3*b - 111 = -3*u, 2*b - 78 = 3*u - 4*u. Calculate the remainder when 122 is divided by b.
40
Suppose -4*i = -2*h + 5 - 1, -h + 5*i - 4 = 0. Suppose h*l - 5*l = 5. What is the remainder when 8 is divided by l?
3
Suppose v + 4*z = 36 + 15, -4*v - 3*z + 178 = 0. Suppose -4*l = -3*l - 25. Let s = -10 + l. What is the remainder when v is divided by s?
13
Suppose 3*h - 8*h = -2*o + 73, -2*h = 5*o - 139. Suppose -6*s = -9*s + 30. Calculate the remainder when o is divided by s.
9
Suppose -33 = -3*o + 2*q, 4*q + 21 + 0 = o. Let r = o + 0. Suppose -3*w - 64 = -7*w. What is the remainder when w is divided by r?
7
Suppose 0*y + 4*g - 50 = -y, -3*y - 2*g + 140 = 0. Let q(t) = -t**3 - 7*t**2 - 8*t + 4. What is the remainder when y is divided by q(-6)?
14
Suppose 2*h - 46 = h. Let c = -26 + h. What is the remainder when c is divided by 7?
6
Suppose -4*g - 115 = -5*u, 0 = -3*g + u - 3 - 86. Let a = -10 - g. What is the remainder when a is divided by 7?
6
Let c(g) = -2*g**3 + g**2 + 3*g + 1. Suppose 2*u - 14 = -4*q, 0 = -q + 2*u + u - 7. Suppose -5*d - 6 = -q*d. What is the remainder when 29 is divided by c(d)?
14
Suppose 167 - 11 = 4*i. Calculate the remainder when i is divided by 10.
9
Let t(n) = -n. Let a(z) = -z - 1. Let c(f) = 5*a(f) + t(f). Calculate the remainder when c(-9) is divided by 13.
10
Suppose -5*r + 174 = -4*a, 8*a - 12 = 5*a. Suppose 0*u - 52 = -4*u. What is the remainder when r is divided by u?
12
Suppose p = -3*j - 280, -j = -2*j - 4*p - 75. Let r = 63 + j. Let z = -12 - r. Calculate the remainder when z is divided by 11.
9
Let u(q) = -11*q - 1. What is the remainder when 18 is divided by u(-1)?
8
Let o(z) = 3*z**2 + 2*z. Let i = -1 - -23. Calculate the remainder when i is divided by o(-2).
6
Suppose -2*p + 618 = 2*p + t, 0 = 2*p - 3*t - 316. What is the remainder when p is divided by 26?
25
Let n(x) = -2*x**3 - x**2 + x - 1. Let g be n(-2). Suppose -g + 35 = 2*a. Let u(b) = b**2 - 5*b - 9. Calculate the remainder when a is divided by u(7).
3
Suppose -5*h - 5 = -3*b, h - 3*b = b - 18. Calculate the remainder when 7 is divided by h.
1
Let l(a) = -3*a - 8. Let j = 3 + -10. Calculate the remainder when 24 is divid